 = -t - 7 - 4*t + 6. Calculate m(-3).
14
Let x(t) be the first derivative of t**5/120 - t**4/2 + 4*t**3/3 + 2. Let m(p) be the third derivative of x(p). Give m(6).
-6
Suppose f = 5*g + 5, 2*g + 2*g - 5*f = -4. Let s(c) be the first derivative of -5*c**3/3 + c - 2. Calculate s(g).
-4
Let b(y) = y**3 - 6*y**2 - 8*y + 10. Let r(z) = z**3 + 3*z**2 - 2*z + 1. Let n be r(-3). What is b(n)?
3
Let t(a) = a**2 - 6*a + 5. Suppose -11*n + 21 = -8*n. Determine t(n).
12
Let z = -124 - -133. Let y(b) = -b**2 + 8*b + 4. What is y(z)?
-5
Let v(l) = 2*l - 13. Suppose 0*x - 60 = -6*x. Determine v(x).
7
Let a = 10 - 2. Suppose 1 = k, f - a*k + 3*k + 10 = 0. Let v(q) = -q**3 - 5*q**2 - 3. Calculate v(f).
-3
Let v(i) = -i**3 - 2*i**2 + 5*i - 1. Let o(h) = h**3 - 7*h**2 + 5*h + 2. Let a be o(6). Calculate v(a).
11
Let y(s) = 2*s + 6. Let t(b) = b + 1. Let u = 7 - 4. Let f(l) = u*t(l) - y(l). Calculate f(5).
2
Let s(f) = -f**3 - 7*f**2 + 8*f + 7. Let t be 4/(-10)*60/2 + 4. Determine s(t).
7
Let t(p) = p + 7. Suppose -5*q = 20, 4 = 2*j + q + 2. Let v be (-6)/j + (0 - 1). Let z be t(v). Let m(n) = -n**2 + 4*n - 6. Determine m(z).
-6
Let d(r) be the first derivative of -r**2/2 + 7*r - 6. What is d(0)?
7
Let o(p) be the third derivative of p**6/30 - p**2. Let x(a) = -a + 5. Let y be x(6). What is o(y)?
-4
Let c(n) = -9*n - 30. Let h be c(-4). Let q(g) = g**2 - 5*g - 8. What is q(h)?
-2
Let i(o) = o - 1. Suppose 5 = 4*s + s. Suppose j = -4*f - s, -4*f - 3*j + 4 = 7. What is i(f)?
-1
Let z(f) = 5*f**3 - 3*f**2 - f + 2. Let c(a) = -9*a**3 + 6*a**2 + a - 4. Let q(o) = -3*c(o) - 5*z(o). What is q(2)?
10
Suppose 4*q = -4*v - 8, 0 = -4*v - q - 5 - 3. Let o(p) = -2*p + 1. Let n(j) = -j + 1. Let b(u) = 3*n(u) - 2*o(u). Calculate b(v).
-1
Suppose 10 = -2*k - 3*k. Let b(w) = -7*w**2 - 3*w - 1. Give b(k).
-23
Let l be (-9)/15 + (-324)/(-15). Suppose -l = -x - 2*x. Suppose -5*o + x = -8. Let c(i) = i - 5. Give c(o).
-2
Let p(w) = -8*w**3 + 5*w**2 + w + 1. Let v be (-3)/(-6) + 11/2. Let l(z) = -7*z**3 + 4*z**2 + z + 1. Let g(r) = v*p(r) - 7*l(r). Calculate g(-2).
1
Let j(m) = -5*m + 1. Let q(d) = 2*d - 6. Let p(x) = -3*x + 5. Let b(h) = 4*p(h) + 3*q(h). Let z(y) = -4*b(y) + 5*j(y). Determine z(-3).
0
Let n be 16/(-14) - 3/(-21). Let j be n/(-4)*(-4 - -4). Let f(i) = i + 1. What is f(j)?
1
Let c(b) = 2*b**2 + b + 6. Let w be c(0). Let j(x) = 9 - 3 - x - 1. Give j(w).
-1
Let b(p) = -p**2 + 9*p - 18. Let v be b(4). Let i(o) be the third derivative of -1/20*o**5 + 0*o + 0*o**4 + 0 + o**v + 1/120*o**6 + 1/6*o**3. Determine i(1).
-1
Let l = 0 + -2. Let d(f) = 5*f + 3. Let t(z) = -25*z - 15. Let k be 24/10 - (-2)/(-5). Let v(o) = k*t(o) + 11*d(o). What is v(l)?
-7
Let j(f) = 4*f - 27. Let i be j(7). Let v(u) = -7*u**2 - u. Give v(i).
-8
Let k(z) = -5*z**3 + 7*z**2 + 4*z + 6. Let q(i) = -i**3 + i**2 + i + 1. Let f(u) = k(u) - 4*q(u). Calculate f(3).
2
Let k(p) = -p**2 + 8. Let x(a) = a**2 - a - 9. Let u(c) = -6*k(c) - 5*x(c). Give u(-6).
3
Let b(t) = -2*t + 7. Let c be b(1). Let s(o) = o**3 - 7*o**2 + 7*o - 6. Give s(c).
-21
Let r(y) be the second derivative of -y**7/840 + y**6/360 + y**5/120 + y**4/4 + y**3/3 + 3*y. Let a(w) be the second derivative of r(w). Give a(0).
6
Let m be (-10)/(-3)*(-24)/20. Let l = m + 7. Let x(y) = -8*y**l + y**3 + y**3. What is x(-1)?
6
Let u(i) = i**3 - i**2 - 3*i. Suppose j - 6 = -j. Suppose j*h = 4*h - 3. Calculate u(h).
9
Let y(t) = -t**2 - 2 - 5*t - 2*t - t - 4. What is y(-6)?
6
Let q be (-1 + 3)*-2 - -3. Let l(u) = -5*u - 1. Determine l(q).
4
Let c(l) = l**2 - 6*l + 3. Suppose -h + 0*h = -4. Suppose -6 - h = -2*k. Give c(k).
-2
Let r = 5 - 7. Let d = 1 + r. Let b(v) = 6*v**2 - 5*v. Let n(h) = -h. Let k(p) = -b(p) + 4*n(p). Determine k(d).
-7
Let p(a) = 4*a**3 - a**2 + 2*a - 1. Let r = -5 + 5. Suppose -5*d + 2 = -3*k, r = -5*d - 2*k + 1 + 6. Determine p(d).
4
Let y be ((-1)/(-3))/((-2)/30). Let f(k) = -k**3 - 6*k**2 - 5*k - 6. Determine f(y).
-6
Suppose 3*n - 8 = -n. Let d(w) = -3 + 0*w**2 + 2 - 5*w**2 + 4*w**n. Determine d(-1).
-2
Suppose -2*s - 5*x - 10 = -7*s, s - 10 = 5*x. Suppose q - 56 = -s*q. Let g be q/35 + 4/10. Let a(z) = z**3 - 2*z + 2. What is a(g)?
6
Suppose -5 = 3*c + 5*g, 2*c + 0*g = -2*g - 6. Let y(v) = -v**2 - 14*v + 33. Let t be y(-16). Let m be 0/c*t/(-2). Let z(u) = u**3 + u**2 + 8. What is z(m)?
8
Let q(l) = -l**2 - 4*l - 1. Let n = 10 - 8. Suppose 0*b - 3*b - n = 2*m, 2*m + 4*b = 0. Determine q(m).
-1
Let p(q) = -q**3 + 7*q**2 - 4*q + 6. Let x = 54 + -48. Calculate p(x).
18
Let q be ((-4)/(-6))/(1/(-6)). Let x(b) = b - 3. Give x(q).
-7
Let b(p) = -p**2 - 6*p + 5. Suppose 0*y = -y - 5. Let h = -1 + y. Determine b(h).
5
Suppose -3*a + 5*p = 14, -6*p + 22 = 3*a - 2*p. Let i = a - 0. Let l(k) = -3 - 7*k**2 + 3*k**2 + 2*k**3 + 3*k + k. Give l(i).
5
Let c = 6 - 16. Let p be (c/(-3))/((-1)/(-9)). Suppose 5*h - 5 = -p. Let l(t) = -t**3 - 4*t**2 + 5*t - 5. Calculate l(h).
-5
Let h(d) be the first derivative of 3/2*d**2 - 5/24*d**4 + 0*d - 1/60*d**5 + 4 - d**3. Let s(k) be the second derivative of h(k). What is s(-4)?
-2
Let z(i) = -3*i**2 - 3*i + 8. Let k(p) = p**2 - p. Let n(x) = -2*k(x) - z(x). Let d(g) = -g**3 + 2*g**2 + 3*g - 6. Let j be d(3). Calculate n(j).
-2
Let r(s) = -s - 6. Let m = -42 - -36. Give r(m).
0
Let j(l) = 13*l + l + 7 - 8*l - 8*l. Give j(5).
-3
Let t(v) = 3 - 4 + 2 + 7*v - 5*v. What is t(-1)?
-1
Let r(l) be the second derivative of l**5/20 + 7*l**4/12 + l**3/2 - 3*l**2 - l. Give r(-6).
12
Suppose -4*m + 0*m = -8. Let o be (4 + -2)*(-2)/(-4). Let v(a) = 0*a**m + o - 3*a + a - a**2 + 0*a**2. Determine v(-3).
-2
Let a(t) = 2*t**3 + 3*t**3 - t**2 - 2*t + 0*t**3 - 2 - 4*t**3. What is a(3)?
10
Let u(r) be the first derivative of r - 1/2*r**2 + 1 - 2*r**3. Calculate u(1).
-6
Suppose 3 + 0 = 3*d. Let r(k) = -4*k + 5*k - d + 2. Calculate r(-7).
-6
Let l = 2 - -4. Suppose 4*q - 14 = -2*t, 3*q - 8 = 2*q - 5*t. Let f(i) = i**3 + q*i**2 - 5*i**2 - i - 4*i**2 + 2. Determine f(l).
-4
Suppose -3*f = -8*f. Let g(l) = -3*l**2 - 3*l - 3. Let r(u) = 7*u**2 + 7*u + 6. Let n(a) = 9*g(a) + 4*r(a). What is n(f)?
-3
Suppose -5*v + 14 = -16. Let x = v + -5. Let b(i) = i**2 - i + 1. What is b(x)?
1
Let m(u) = 8*u**2 - 2*u - 1. Let l(z) = z**2 + 3*z - 5. Suppose 2*p = 3*p - 2. Suppose p*f = 2 - 10. Let d be l(f). What is m(d)?
9
Let z(s) = -s - 6. Let x be z(-7). Suppose 2*o + 8 = 0, 1 + x = 3*n + o. Suppose 0*a - n*a = -8. Let v(g) = -2*g + 5. Calculate v(a).
-3
Let w(z) = z**3 - 5*z**2 + 3*z - 4. Suppose -3*y = 2 - 17. Calculate w(y).
11
Let a(s) = s**2 + 5*s. Let h(r) = -5*r**2 - 21*r + 1. Let y(c) = -9*a(c) - 2*h(c). Calculate y(4).
2
Let y(t) = -t - 5. Suppose 4*z = -4*q - 32, 5*z + 16 = -5*q + 4*q. What is y(q)?
1
Let g(n) = n**3 - 3*n**2 + 3*n - 3. Let u = 39 - 37. Calculate g(u).
-1
Let p(k) = -9*k + 2. Let v(w) = -7*w**3 + 1. Let f be v(1). Let y(c) = 5*c - 1. Let d(a) = f*p(a) - 11*y(a). Determine d(-2).
1
Let m(j) = -j + 5. Suppose -44 = -4*v - 4*f, -5*v + 37 = f - 6. Let s be m(v). Let l(x) = -x - 7. Give l(s).
-4
Let x(v) = v + 2*v + 15 - 12 - 6. Suppose 12 = -0*k + 3*k, -k - 6 = -2*h. Let r = h - 2. Calculate x(r).
6
Let w(p) = -p**3 + 21*p**2 - 2*p + 31. Let f be w(21). Let y(j) = -j**2 - 9*j + 15. Calculate y(f).
-7
Let x(i) = i + 1. Let u be 5 + -2 + 0 - -2. Suppose -u*l = -4*z + 5, 4 = z - 2*l - 2*l. What is x(z)?
1
Suppose w = -2*r + 15, -6*w = 4*r - 2*w - 40. Let g(i) be the second derivative of i**3/6 - 3*i**2/2 + i. What is g(r)?
2
Let w(l) = -2*l - 1. Let h be (-1 - 1) + 6/(-6). Let m be h/(-2)*(-36)/27. What is w(m)?
3
Let j(z) be the third derivative of z**4/12 + z**2. Suppose 0 = -4*u + 2*u + 8. Let l = -3 + u. Calculate j(l).
2
Let u be (0 - -1) + 3/(-3). Suppose 2*d - 5 - 1 = u. Let r(h) = -3*h + 2. Let i(j) = -2*j. Let w(f) = 2*i(f) - r(f). What is w(d)?
-5
Let f(q) = 12*q**2 - 1 - 6*q - 5*q**2 + 4 - q**3. Suppose -3*a + 1 = -17. Determine f(a).
3
Let i(c) = c**2 - 5*c - 1. Let m be (6/5)/((-3)/(-15)). What is i(m)?
5
Let y(g) = -g**2 + 2*g + 7. Let m(h) = h**3 + h**2 + 5. Let o be m(0). Suppose -o = -f - 0*f. Calculate y(f).
-8
Let r(z) = -z + 2. Let p(l) = 4*l + 15. Let h be p(-5). Calculate r(h).
7
Let z(r) = -r**3 + 4*r**2 - 2*r + 2. Let n be 1/2 + (-7)/2. Let x be (-40)/(-12) + 1/n. Give z(x).
5
Suppose 3*n - 8 